{"id":9092,"date":"2023-07-24T08:19:52","date_gmt":"2023-07-24T08:19:52","guid":{"rendered":"https:\/\/beslenmekongresi.org\/?page_id=9092"},"modified":"2024-09-13T16:50:00","modified_gmt":"2024-09-13T16:50:00","slug":"scientific-board","status":"publish","type":"page","link":"https:\/\/beslenmekongresi.org\/?page_id=9092&lang=en","title":{"rendered":"Scientific Board"},"content":{"rendered":"\t\t<div data-elementor-type=\"wp-page\" data-elementor-id=\"9092\" class=\"elementor elementor-9092\">\n\t\t\t\t\t\t\t\t\t<section class=\"elementor-section elementor-top-section elementor-element elementor-element-b47c926 elementor-section-boxed elementor-section-height-default elementor-section-height-default wd-section-disabled\" data-id=\"b47c926\" data-element_type=\"section\">\n\t\t\t\t\t\t<div class=\"elementor-container elementor-column-gap-default\">\n\t\t\t\t\t<div class=\"elementor-column elementor-col-100 elementor-top-column elementor-element elementor-element-636e718\" data-id=\"636e718\" data-element_type=\"column\">\n\t\t\t<div class=\"elementor-widget-wrap elementor-element-populated\">\n\t\t\t\t\t\t\t\t<div class=\"elementor-element elementor-element-5a56be6 elementor-widget elementor-widget-wd_text_block\" data-id=\"5a56be6\" data-element_type=\"widget\" data-widget_type=\"wd_text_block.default\">\n\t\t\t\t<div class=\"elementor-widget-container\">\n\t\t\t\t\t\t<link rel=\"stylesheet\" id=\"wd-text-block-css\" href=\"https:\/\/beslenmekongresi.org\/wp-content\/themes\/woodmart\/css\/parts\/el-text-block.min.css?ver=6.3.3\" type=\"text\/css\" media=\"all\" \/> \t\t\t\t\t<div class=\"wd-text-block reset-last-child text-left\">\n\t\t\t\n\t\t\t<h2>Prof. Dr. Asl\u0131han G\u00fcrb\u00fcz<\/h2><h2>Prof. Dr. Dilek \u00c7olak<\/h2><h2>Prof. Dr. \u0130rem \u00c7ankaya<\/h2><h2>Prof. Dr. Mehmet Mahir Atasoy<\/h2><h2>Prof. Dr. Ne\u015fe Lortlar<\/h2><h2>Prof. Dr. Nuray Yaz\u0131han<\/h2><h2>Prof. Dr. Serkan \u015eener<\/h2><h2>Prof. Dr. Yasemin Ak\u00e7ay<\/h2><h2>Do\u00e7. Dr. Nezahat Arzu Kayar<\/h2><h2>Do\u00e7. Dr. P\u0131nar Turan<\/h2><h2>Do\u00e7. Dr. Recep Alp<\/h2><h2>Op. Dr. Burcu Akda\u011f \u00d6zk\u00f6k<\/h2><h2>Op. Dr. R\u00fcya Acaro\u011flu<\/h2><h2>Op. Dr. \u015eenay Aycan<\/h2><h2>Uzm. Dr. Adil Zorlu<\/h2><h2>Uzm. Dr. Ahmet Ayd\u0131nalp<\/h2><h2>Uzm. Dr. Didem G\u00fclmez<\/h2><h2>Uzm. Dr. Fatma Co\u015far<\/h2><h2>Uzm. Dr. Mehmet Camc\u0131<\/h2><h2>Uzm. Dr. Melih Vural<\/h2><h2>Uzm. Dr. Murat Ba\u015f<\/h2><h2>Uzm. Dr. Nagehan Katipo\u011flu<\/h2><h2>Uzm. Dr. Onur \u015eahin<\/h2><h2>Uzm. Dr. P\u0131nar Balc\u0131<\/h2><h2>Dr. Asuman Kaplan Alg\u0131n, PHD<\/h2><h2>Dr. Demet Erdo\u011fan, PHD<\/h2><h2>Dr. Sinan Akkurt, PHD<\/h2><h2>Dr. Alparslan Tekiner<\/h2><h2>Dr. Ant. Almila Suna Nizamo\u011flu<\/h2><h2>Dr. Ayla Aslanta\u015f<\/h2><h2>Dr. Bu\u011fra Adil Buyruk\u00e7u<\/h2><h2>Dr. Cem Ke\u00e7e<\/h2><h2>Dr. Hasan H\u00fcsn\u00fc Eren<\/h2><h2>Dr. Kevser K\u00f6\u015f<\/h2><h2>Dr. Leo Pruimboom<\/h2><h2>Dr. Martha Lucas<\/h2><h2>Dr. Mustafa Kalkan<\/h2><h2>Dr. Tijen Acarkan<\/h2><h2>Dr. \u00dcmit Akta\u015f<\/h2><h2>Dr. Yunus U\u00e7arc\u0131<\/h2><h2>Dt. Tijen Secerli<\/h2><h2>Uzm. Psk. Meleknur Alevcan<\/h2><h2>Fzt. \u00c7etin Demircan<\/h2><h2>Fzt. Fatma Dilek Taman<\/h2><h2>Fzt. Fuat Bal\u0131m<\/h2><h2>Fzt. Kadri \u00d6zdemir<\/h2><h2>Fzt. \u00d6zge Kayalar D\u00fclger<\/h2><h2>Fzt. Suat D\u00fclger<\/h2><h2>Dyt. Derya Ers\u00f6nmez<\/h2><h2>Dyt. Ersin \u00d6zdemir<\/h2><h2>Dyt. Ye\u015fim Temel \u00d6zcan<\/h2><h2>Uzm. Ecz. H\u00fclya Kayhan<\/h2><h2>Uzm. Ecz. Reyhan Aliusta<\/h2><h2>Uzm. Ecz. Homeopat\u00a0Tu\u011fba\u00a0Y\u0131ld\u0131r\u0131m<\/h2><h2>Korzay Ko\u00e7ak<\/h2>\n\t\t\t\t\t<\/div>\n\t\t\t\t<\/div>\n\t\t\t\t<\/div>\n\t\t\t\t\t<\/div>\n\t\t<\/div>\n\t\t\t\t\t\t\t<\/div>\n\t\t<\/section>\n\t\t\t\t\t\t\t<\/div>\n\t\t","protected":false},"excerpt":{"rendered":"<p>Prof. Dr. Asl\u0131han G\u00fcrb\u00fcz Prof. Dr. Dilek \u00c7olak Prof. Dr. \u0130rem \u00c7ankaya Prof. Dr. Mehmet Mahir Atasoy Prof. Dr. Ne\u015fe<\/p>\n","protected":false},"author":1,"featured_media":0,"parent":0,"menu_order":0,"comment_status":"closed","ping_status":"closed","template":"elementor_header_footer","meta":{"footnotes":""},"class_list":["post-9092","page","type-page","status-publish","hentry"],"_links":{"self":[{"href":"https:\/\/beslenmekongresi.org\/index.php?rest_route=\/wp\/v2\/pages\/9092","targetHints":{"allow":["GET"]}}],"collection":[{"href":"https:\/\/beslenmekongresi.org\/index.php?rest_route=\/wp\/v2\/pages"}],"about":[{"href":"https:\/\/beslenmekongresi.org\/index.php?rest_route=\/wp\/v2\/types\/page"}],"author":[{"embeddable":true,"href":"https:\/\/beslenmekongresi.org\/index.php?rest_route=\/wp\/v2\/users\/1"}],"replies":[{"embeddable":true,"href":"https:\/\/beslenmekongresi.org\/index.php?rest_route=%2Fwp%2Fv2%2Fcomments&post=9092"}],"version-history":[{"count":44,"href":"https:\/\/beslenmekongresi.org\/index.php?rest_route=\/wp\/v2\/pages\/9092\/revisions"}],"predecessor-version":[{"id":10023,"href":"https:\/\/beslenmekongresi.org\/index.php?rest_route=\/wp\/v2\/pages\/9092\/revisions\/10023"}],"wp:attachment":[{"href":"https:\/\/beslenmekongresi.org\/index.php?rest_route=%2Fwp%2Fv2%2Fmedia&parent=9092"}],"curies":[{"name":"wp","href":"https:\/\/api.w.org\/{rel}","templated":true}]}}